
In base 7, what is 146 - 134?
12
In base 6, what is -12 + -4?
-20
In base 15, what is 71 + -35?
3b
In base 3, what is -20120 + -2?
-20122
In base 5, what is 11 - 2304?
-2243
In base 7, what is -15 + -6?
-24
In base 10, what is -34 - 10?
-44
In base 13, what is 15a + 4?
161
In base 2, what is -1000000 + -10000?
-1010000
In base 5, what is 2 - -42?
44
In base 5, what is 41 + -10?
31
In base 13, what is 3 - cc0?
-cba
In base 5, what is 114 + -414?
-300
In base 12, what is -29 - a?
-37
In base 3, what is -11010 + -11?
-11021
In base 9, what is -8011 + 2?
-8008
In base 12, what is 5 + b?
14
In base 14, what is 55 + 5?
5a
In base 12, what is -1 + 730?
72b
In base 14, what is 3 - -110?
113
In base 11, what is -5 + -429?
-433
In base 8, what is 6 + -346?
-340
In base 13, what is 144 - -5?
149
In base 5, what is 32 - 1?
31
In base 5, what is 14214 - -2?
14221
In base 9, what is 73 - 2?
71
In base 11, what is -2 - -14?
12
In base 9, what is -16 + 4?
-12
In base 6, what is 24 - 310?
-242
In base 2, what is -10000 - -1000?
-1000
In base 14, what is -30 - 4?
-34
In base 9, what is -200 + 6?
-183
In base 11, what is -2 + 1971?
196a
In base 3, what is -11 - -1121?
1110
In base 9, what is -17 - -1?
-16
In base 14, what is 384 - -3?
387
In base 8, what is -5 - 55?
-62
In base 16, what is 7 - 1a5?
-19e
In base 12, what is 14 + 112?
126
In base 7, what is 145 + -65?
50
In base 5, what is -1 - 1034?
-1040
In base 3, what is -12 + -220?
-1002
In base 2, what is -111 + -1110110100?
-1110111011
In base 7, what is 166 - -311?
510
In base 2, what is -110 + -101110?
-110100
In base 3, what is 110200 + -102?
110021
In base 13, what is 4b93 - 1?
4b92
In base 14, what is 205 + -c?
1d7
In base 2, what is 1110 - -111101?
1001011
In base 7, what is 5 + 34?
42
In base 7, what is 236 - -221?
460
In base 2, what is 10 - 10011?
-10001
In base 5, what is -23144 - -1?
-23143
In base 13, what is 525 - 4?
521
In base 2, what is -1010 + -1001?
-10011
In base 7, what is 0 - -3?
3
In base 8, what is 55 + -5?
50
In base 8, what is -27 - -3?
-24
In base 12, what is -1a8 + -46?
-232
In base 6, what is -12 - 13?
-25
In base 2, what is -101111 + 10100?
-11011
In base 11, what is -24 - -24?
0
In base 14, what is 10 - 26?
-16
In base 13, what is 3a + -24?
16
In base 15, what is -2 - -2b?
29
In base 13, what is -4 - b?
-12
In base 9, what is -1205 + -3?
-1208
In base 10, what is -638 - 1?
-639
In base 2, what is 111001 + 1001111?
10001000
In base 5, what is 11002 - -3?
11010
In base 12, what is -5 + 1a22?
1a19
In base 11, what is -66 + -38?
-a3
In base 13, what is -111 - -2?
-10c
In base 8, what is 4 + 0?
4
In base 15, what is -36e7 + 4?
-36e3
In base 15, what is 10 - 6e?
-5e
In base 9, what is 21 + -32?
-11
In base 16, what is 83 + f?
92
In base 12, what is 2 + 1070?
1072
In base 16, what is -6 + b?
5
In base 6, what is 143 - 11?
132
In base 5, what is -11 - -413?
402
In base 3, what is 21 + -1110220?
-1110122
In base 2, what is -100001111110111 + 101?
-100001111110010
In base 8, what is 47770 + 3?
47773
In base 14, what is -52 - -c?
-44
In base 16, what is -5b4 - 3?
-5b7
In base 16, what is -2 + 9?
7
In base 10, what is 8 - 13?
-5
In base 13, what is 44 - 3?
41
In base 5, what is -2 - 20240?
-20242
In base 2, what is -111011111 - 101101?
-1000001100
In base 16, what is -3 - db7?
-dba
In base 14, what is -1b + -3da?
-417
In base 13, what is 224 + -1?
223
In base 5, what is 1402 - 0?
1402
In base 9, what is 1566 - 4?
1562
In base 11, what is 2 + 1359?
1360
In base 13, what is 145 + -13?
132
In base 15, what is 3d - -1?
3e
In base 3, what is -202 + 1002?
100
In base 16, what is 2b - b?
20
In base 10, what is -41 + 79?
38
In base 12, what is -54 - -4?
-50
In base 5, what is -403 + 10?
-343
In base 7, what is 20 + 325?
345
In base 3, what is 10210 - 10?
10200
In base 15, what is 120 - -5?
125
In base 6, what is 2 + 535?
541
In base 9, what is -130 - 102?
-232
In base 12, what is 18b + -1?
18a
In base 3, what is -11 + -1112222?
-1120010
In base 12, what is 7 - -4?
b
In base 9, what is -21 + -535?
-556
In base 15, what is 7a - -68?
e3
In base 11, what is -49 + 3?
-46
In base 5, what is 1 + -113?
-112
In base 4, what is 0 + 100221?
100221
In base 15, what is 8 - -3b?
44
In base 6, what is 33105 + -3?
33102
In base 16, what is -318 - -5?
-313
In base 10, what is -1 + -98?
-99
In base 4, what is -2100230 + -2?
-2100232
In base 14, what is 143 + 4?
147
In base 8, what is -1074 + 5?
-1067
In base 10, what is 10 - 370?
-360
In base 13, what is 6 + -19?
-13
In base 6, what is -534 + -4?
-542
In base 9, what is -2 + -3?
-5
In base 4, what is 13 - 300?
-221
In base 6, what is -33212 - -12?
-33200
In base 8, what is -1460 - -5?
-1453
In base 11, what is -7 - 59?
-65
In base 9, what is -5 - 720?
-725
In base 12, what is -78 - -17?
-61
In base 2, what is 101 - -110000?
110101
In base 16, what is 3 - -b7?
ba
In base 12, what is -12 + 5?
-9
In base 13, what is 0 + 64?
64
In base 14, what is -24b + -4?
-251
In base 14, what is -4 - -485?
481
In base 15, what is 1 - 4d?
-4c
In base 12, what is 22 + 4?
26
In base 10, what is 70 + -2?
68
In base 12, what is -16 - 22?
-38
In base 7, what is 424 + 30?
454
In base 9, what is 4 + 608?
613
In base 14, what is 1 - 7bc?
-7bb
In base 10, what is -5 + -780?
-785
In base 2, what is 101100000 + -11?
101011101
In base 7, what is -6 - -22?
13
In base 5, what is -44 + -110?
-204
In base 15, what is 22 + 1a?
3c
In base 11, what is -3 - 72?
-75
In base 13, what is 1ba - -1?
1bb
In base 7, what is 353 - -2?
355
In base 6, what is 4 - -14?
22
In base 15, what is 18 + -4?
14
In base 16, what is 20 - -4?
24
In base 3, what is 100112210 - 12?
100112121
In base 14, what is -9c + -13?
-b1
In base 4, what is -113311 + 1?
-113310
In base 5, what is -114140 + 2?
-114133
In base 6, what is 2405 - 1?
2404
In base 15, what is d + -5?
8
In base 9, what is -23 - 556?
-580
In base 15, what is 1 - 31?
-30
In base 3, what is 12 - 22020?
-22001
In base 15, what is 2 + 79?
7b
In base 7, what is 23636 - -4?
23643
In base 15, what is 4 + 204?
208
In base 7, what is -4 + -130?
-134
In base 9, what is 170 + -48?
121
In base 3, what is 1 + 101022?
101100
In base 12, what is 15028 + 3?
1502b
In base 2, what is -1000 + 100?
-100
In base 12, what is -5 + 180?
177
In base 7, what is -43 + -161?
-234
In base 16, what is -9 + 32?
29
In base 15, what is 18 + -6?
12
In base 12, what is -2 + 47?
45
In base 12, what is -1 + 228?
227
In base 4, what is 1010 - 22?
322
In base 12, what is 303 + -3?
300
In base 10, what is 233 + 12?
245
In base 7, what is 5 + 214?
222
In base 16, what is 0 - 27a?
-27a
In base 9, what is 8682 - 4?
8677
In base 13, what is -33 + -249?
-27c
In base 2, what is 1100001 - 101011?
110110
In base 9, what is 87 + -75?
12
In base 9, what is 4 - 24?
-20
In base 9, what is -41 - -73?
32
In base 2, what is 1100000 - 110000?
110000
In base 15, what is 4 + 3c?
41
In base 6, what is -2153 + 5?
-2144
In base 13, what is 33 - -8?
3b
In base 14, what is -172 + b?
-165
In base 16, what is 9 - 6b?
-62
In base 10, what is -4 - -10?
6
In base 9, what is -7 + 74?
66
In base 2, what is -1 + 11?
10
In base 14, what is 180b - -4?
1811
In base 3, what is 10 - 111211?
-111201
In base 6, what is -4 - 22001?
-22005
In base 16, what is -e1 + 2?
-df
In base 10, what is 1075 + 5?
1080
In base 3, what is 111222 + -2202?
102020
In base 6, what is 4 + -254?
-250
In base 9, what is 210 - 14?
185
In base 3, what is -122012 - -10?
-122002
In base 5, what is 0 - 10?
-10
In base 2, what is 1000011 + 100?
1000111
In base 11, what is 530 - -1?
531
In base 6, what is -31 + -25?
-100
In base 12, what is -145 - -4?
-141
In base 6, what is 140 + 4?
144
In base 9, what is 1165 - -5?
1171
In base 4, what is 1331213 + -11?
1331202
In base 11, what is -3 + -a86?
-a89
In base 13, what is 62 - -5?
67
In base 4, what is 0 + 13120?
13120
In base 11, what is -1a53 - 0?
-1a53
In base 5, what is 0 - 340?
-340
In base 8, what is -100 - -5?
-73
In base 12, what is 4 - 9a4?
-9a0
In base 5, what is 10 + -1?
4
In base 7, what is -3064 - -1?
-3063
In base 7, what is -5 + -336?
-344
In base 8, what is -5 + 6251?
6244
In base 2, what is -1110 - 11110011011?
-11110101001
In base 2, what is 1011 + -1?
1010
In base 13, what is -a9a + 2?
-a98
In base